y 58?
49
What is the remainder when 919054 is divided by 83?
78
What is the remainder when 36843 is divided by 113?
5
What is the remainder when 2315 is divided by 306?
173
Calculate the remainder when 17204 is divided by 5262.
1418
Calculate the remainder when 343784 is divided by 15626.
12
Calculate the remainder when 3161 is divided by 117.
2
What is the remainder when 202472 is divided by 89?
86
Calculate the remainder when 686 is divided by 80.
46
Calculate the remainder when 13932 is divided by 377.
360
Calculate the remainder when 146865 is divided by 216.
201
Calculate the remainder when 3923 is divided by 317.
119
Calculate the remainder when 10132 is divided by 5060.
12
What is the remainder when 6511 is divided by 361?
13
Calculate the remainder when 2042 is divided by 140.
82
What is the remainder when 17123 is divided by 505?
458
Calculate the remainder when 16023 is divided by 118.
93
What is the remainder when 67919 is divided by 255?
89
What is the remainder when 388463 is divided by 64743?
5
Calculate the remainder when 416868 is divided by 7.
4
What is the remainder when 11489 is divided by 820?
9
Calculate the remainder when 14063 is divided by 3513.
11
Calculate the remainder when 1389 is divided by 693.
3
What is the remainder when 2867 is divided by 205?
202
Calculate the remainder when 2932 is divided by 2408.
524
What is the remainder when 8224 is divided by 900?
124
Calculate the remainder when 39090 is divided by 3472.
898
Calculate the remainder when 342835 is divided by 257.
254
Calculate the remainder when 37238 is divided by 2482.
8
Calculate the remainder when 255006 is divided by 759.
741
Calculate the remainder when 2662 is divided by 665.
2
What is the remainder when 771 is divided by 753?
18
What is the remainder when 70778 is divided by 363?
356
Calculate the remainder when 177603 is divided by 18.
15
Calculate the remainder when 223937 is divided by 58.
57
What is the remainder when 30170 is divided by 263?
188
What is the remainder when 18556 is divided by 2036?
232
What is the remainder when 43222 is divided by 181?
144
Calculate the remainder when 3092 is divided by 308.
12
Calculate the remainder when 6041 is divided by 263.
255
What is the remainder when 117768 is divided by 866?
858
What is the remainder when 7639 is divided by 124?
75
What is the remainder when 58208 is divided by 291?
8
What is the remainder when 115020 is divided by 3286?
10
Calculate the remainder when 1129 is divided by 450.
229
What is the remainder when 1868 is divided by 20?
8
What is the remainder when 3476 is divided by 84?
32
Calculate the remainder when 177 is divided by 20.
17
Calculate the remainder when 49343 is divided by 2069.
1756
What is the remainder when 9368 is divided by 303?
278
Calculate the remainder when 1964 is divided by 86.
72
Calculate the remainder when 8838 is divided by 1669.
493
Calculate the remainder when 146121 is divided by 4566.
9
What is the remainder when 2065 is divided by 19?
13
Calculate the remainder when 56422 is divided by 941.
903
Calculate the remainder when 9862 is divided by 70.
62
Calculate the remainder when 19280 is divided by 19125.
155
What is the remainder when 28440 is divided by 374?
16
What is the remainder when 10295 is divided by 210?
5
What is the remainder when 15928 is divided by 63?
52
Calculate the remainder when 8688 is divided by 6786.
1902
What is the remainder when 5619 is divided by 374?
9
What is the remainder when 4097 is divided by 766?
267
Calculate the remainder when 43913 is divided by 58.
7
What is the remainder when 3337 is divided by 1287?
763
Calculate the remainder when 12567 is divided by 1256.
7
What is the remainder when 22832 is divided by 787?
9
What is the remainder when 22278 is divided by 13?
9
Calculate the remainder when 20627 is divided by 20619.
8
What is the remainder when 32782 is divided by 76?
26
What is the remainder when 1621 is divided by 807?
7
Calculate the remainder when 187338 is divided by 402.
6
What is the remainder when 90364 is divided by 18069?
19
Calculate the remainder when 8594 is divided by 573.
572
Calculate the remainder when 62289 is divided by 31050.
189
Calculate the remainder when 15644 is divided by 867.
38
Calculate the remainder when 2147 is divided by 270.
257
What is the remainder when 208752 is divided by 294?
12
Calculate the remainder when 20333 is divided by 6775.
8
Calculate the remainder when 55216 is divided by 11041.
11
Calculate the remainder when 230453 is divided by 63.
62
What is the remainder when 30975 is divided by 6?
3
Calculate the remainder when 4124 is divided by 27.
20
What is the remainder when 760 is divided by 254?
252
What is the remainder when 27930 is divided by 107?
3
What is the remainder when 438460 is divided by 136?
132
What is the remainder when 1808 is divided by 345?
83
Calculate the remainder when 4643 is divided by 1161.
1160
What is the remainder when 1032044 is divided by 432?
428
What is the remainder when 8458 is divided by 161?
86
Calculate the remainder when 1686 is divided by 472.
270
Calculate the remainder when 3386 is divided by 308.
306
Calculate the remainder when 78495 is divided by 18.
15
What is the remainder when 42189 is divided by 19?
9
Calculate the remainder when 6392 is divided by 887.
183
Calculate the remainder when 158650 is divided by 234.
232
Calculate the remainder when 498632 is divided by 466.
12
Calculate the remainder when 4024 is divided by 630.
244
Calculate the remainder when 1462104 is divided by 191.
190
Calculate the remainder when 15177 is divided by 4498.
1683
Calculate the remainder when 1779 is divided by 37.
3
What is the remainder when 218 is divided by 4?
2
What is the remainder when 343173 is divided by 17158?
13
What is the remainder when 35436 is divided by 5869?
222
Calculate the remainder when 7858 is divided by 803.
631
Calculate the remainder when 23563 is divided by 1953.
127
Calculate the remainder when 195293 is divided by 24.
5
Calculate the remainder when 90207 is divided by 7.
5
Calculate the remainder when 10919 is divided by 266.
13
What is the remainder when 4936 is divided by 246?
16
What is the remainder when 3410 is divided by 150?
110
Calculate the remainder when 3737 is divided by 51.
14
Calculate the remainder when 43088 is divided by 1199.
1123
Calculate the remainder when 159871 is divided by 329.
306
Calculate the remainder when 12365 is divided by 10.
5
Calculate the remainder when 4904 is divided by 683.
123
Calculate the remainder when 16694 is divided by 4172.
6
What is the remainder when 5076 is divided by 424?
412
Calculate the remainder when 28445 is divided by 327.
323
What is the remainder when 37343 is divided by 184?
175
What is the remainder when 84210 is divided by 37?
35
What is the remainder when 938 is divided by 216?
74
Calculate the remainder when 4549 is divided by 500.
49
What is the remainder when 17718 is divided by 5905?
3
What is the remainder when 19037 is divided by 4755?
17
Calculate the remainder when 32693 is divided by 5437.
71
Calculate the remainder when 2788 is divided by 683.
56
What is the remainder when 6164 is divided by 89?
23
Calculate the remainder when 27627 is divided by 32.
11
What is the remainder when 442407 is divided by 68?
67
Calculate the remainder when 54775 is divided by 397.
386
What is the remainder when 9960 is divided by 378?
132
What is the remainder when 165505 is divided by 279?
58
What is the remainder when 13006 is divided by 867?
1
What is the remainder when 47125 is divided by 15?
10
What is the remainder when 242969 is divided by 159?
17
What is the remainder when 15263 is divided by 20?
3
Calculate the remainder when 413 is divided by 16.
13
Calculate the remainder when 102527 is divided by 255.
17
What is the remainder when 1794 is divided by 764?
266
What is the remainder when 1858 is divided by 386?
314
What is the remainder when 3725002 is divided by 516?
514
What is the remainder when 552462 is divided by 184151?
9
What is the remainder when 19147 is divided by 638?
7
Calculate the remainder when 1094179 is divided by 107.
104
Calculate the remainder when 64511 is divided by 56.
55
Calculate the remainder when 321358 is divided by 10